e greatest common divisor of 80 and h?
16
Let p be (-8)/((-6)/(-9)*-3). Suppose -m - 13 = -2*v, 0 = -3*v - 2*v + p*m + 40. What is the greatest common factor of v and 10?
2
Let p(b) = -b**2 + b + 54. Let y be p(0). What is the highest common divisor of 6 and y?
6
Let p(f) = -4*f - 4. Let q be p(-7). Let j = 9 - 7. Suppose 5*n = -25, 5 + 3 = -j*u - 4*n. What is the highest common divisor of q and u?
6
Let o(c) = -33*c - 22. Let d be o(-9). What is the greatest common divisor of d and 25?
25
Suppose u = -2*t + 15 - 5, -17 = t - 5*u. Suppose 2*a + 2*a - 20 = 0. Suppose -3*n - 12 = -a*n. Calculate the highest common factor of t and n.
3
Suppose -3*d - 6 = -6*d. Suppose 4*u - 32 = c - 2*c, 75 = d*c - 3*u. What is the greatest common divisor of c and 18?
18
Let h(r) = -r**3 - 6*r**2 + 7*r + 6. Let l be h(-7). Suppose 2*v = 3*v - 3. Suppose 2*d - 60 = -v*d. What is the highest common divisor of d and l?
6
Let g(y) = -y**2 - 16*y - 15. Let u be g(-14). Calculate the greatest common divisor of u and 13.
13
Suppose k = 3*z + 6, -4*k - z = 4*z - 7. Suppose -22*o = -162 - 168. Calculate the highest common factor of k and o.
3
Suppose 4*l - 32 = 96. Suppose -3*d + d = -l. What is the highest common divisor of 8 and d?
8
Let c be 4/6 + 3/9. Let v be (4/6)/(c/3). What is the greatest common divisor of v and 8?
2
Let s = 13 + -9. What is the highest common factor of 20 and s?
4
Suppose -a - 4*t + 18 = 0, 5*a + 0*t = -2*t + 108. What is the greatest common factor of 44 and a?
22
Let o be (18/15)/((-6)/(-15)). Suppose 231 = -0*x + o*x. Calculate the greatest common factor of x and 11.
11
Suppose -44 = -4*h - 5*m, -3*h - m + 26 = m. What is the highest common divisor of 15 and h?
3
Suppose 0*k = 3*k + 5*s - 45, -4*k + 60 = -s. Suppose -y - 2*y + k = 0. Let p(d) = d + 5. Let c be p(y). What is the greatest common divisor of c and 50?
10
Let w(t) be the second derivative of 17*t**4/6 + t**2/2 + 2*t. Let u be w(-1). What is the highest common divisor of 5 and u?
5
Suppose 21 = i - 9. Let q be (3/(-2))/((-1)/i). Calculate the greatest common factor of 18 and q.
9
Suppose -5*m = -g - 5 - 4, -5*m + 6 = -4*g. Suppose 2 = 2*k - m. Let u(j) = 2*j**3 - 4*j**2 - 4. Let f be u(3). What is the greatest common factor of k and f?
2
Let x(p) = -p - 2. Let r = -3 + 1. Let f be x(r). Suppose -6*b - 10 = z - 2*b, -5*z - b + 26 = f. Calculate the greatest common factor of 6 and z.
6
Suppose 4*h - 21 = 127. Suppose -5*b + h + 23 = 0. Calculate the greatest common divisor of 84 and b.
12
Let d(c) = -c + 13. Let r be d(-10). Let s = 36 + 171. Calculate the highest common divisor of r and s.
23
Let z(f) = 13*f - 10. Let w be z(7). What is the greatest common factor of 9 and w?
9
Suppose -10*c - 4 = -11*c. Let f(b) = 2*b**3 - 3*b**2 - 8. Let u be f(c). What is the greatest common divisor of 8 and u?
8
Let n = 50 - 20. Calculate the highest common divisor of 210 and n.
30
Let l be (-4)/(-2) - (-3 - -5). Suppose -4*h - h = -285. Suppose 3*x + 15 - h = l. Calculate the highest common factor of x and 42.
14
Let f(i) = 9*i - 11 - 7*i - 8*i**2 + i**3 + 3. Let u be f(8). Calculate the greatest common factor of 88 and u.
8
Let u(r) be the first derivative of 2*r**3 - r**2/2 + 4*r - 3. Let t be u(3). What is the greatest common divisor of t and 22?
11
Let d = 64 - 43. What is the highest common divisor of d and 14?
7
Let y = 302 + -190. Calculate the greatest common factor of 16 and y.
16
Let i = -28 - -35. Let j(d) = -2*d + 3. Let v be j(2). Let x be (-76)/(2/(-2)) - v. Calculate the greatest common factor of i and x.
7
Let r(m) be the second derivative of m**4/6 - m**3/6 - m**2/2 - m. Let s = -11 + 9. Let h be r(s). Calculate the greatest common divisor of 6 and h.
3
Suppose 0 = -b + 4*b - 54. Calculate the greatest common factor of 6 and b.
6
Suppose -h = -0*r - r + 7, -2*h = 0. Calculate the greatest common factor of r and 77.
7
Let c = 35 + -58. Let v be (1 - -1)*(-10 - c). Calculate the highest common factor of v and 286.
26
Suppose 0 = x - 18 - 0. What is the greatest common divisor of x and 198?
18
Let s(h) = -h + 7. Suppose 3*q + 2*q = -20. Let n be s(q). What is the greatest common factor of n and 99?
11
Let u(m) = 39*m**2 + 5*m - 3. Let p be u(-4). Suppose p = 4*d - 215. Suppose 4*b - d - 104 = 0. Calculate the highest common factor of b and 11.
11
Let r = 37 - 22. Suppose -s + r = -9. What is the highest common factor of 3 and s?
3
Let c(t) = 5*t**3 - t**2. Let w be c(1). Suppose -4*g - 5*j = 64 - 507, -j = -w*g + 473. Calculate the greatest common divisor of g and 13.
13
Let g(w) = w**3 - 10*w**2 - 2*w + 23. Let h be g(10). What is the greatest common factor of 4 and h?
1
Suppose -v - 4*k = -2*v - 20, 3*v - 3*k = -15. Suppose v = -3*j + 5*h + 200, 5*h = 2*j + h - 136. What is the greatest common divisor of j and 40?
20
Let g be 0/(-1 + (1 - 1)). Suppose g*t + 4*t - 8 = 0. Suppose -4*p + 10 = t. What is the highest common factor of p and 4?
2
Suppose -c = -5*c. Let i be (6 - (-1 - c)) + -4. What is the greatest common divisor of 15 and i?
3
Let z = -21 + 22. Let y be z + 2 + (-239)/(-1). Calculate the greatest common divisor of 22 and y.
22
Suppose 4*u + 2 = -2. Let b be 1*(-9)/u - 3. Let r be (-22)/(-4) + (-2)/(-4). What is the highest common factor of r and b?
6
Suppose -5*d = l - 12, -3*l - 7*d + 72 = -10*d. Calculate the greatest common factor of 2 and l.
2
Suppose 3*f - 6*f + 3 = 0. Let g be (-9)/(-6)*(f - -5). Calculate the highest common divisor of g and 45.
9
Let i be (-4)/(-12) + (-24)/(-9). Suppose 0*d + 5*b = i*d + 4, -2*d + 4*b - 6 = 0. Calculate the highest common divisor of d and 42.
7
Let x(l) = -l**3 + 10*l**2 + 10*l + 9. Let k be x(9). Calculate the greatest common divisor of k and 20.
20
Suppose -j = 2*n - 55, -n = -0*n - 3. What is the greatest common factor of 7 and j?
7
Let j be (-4 - -5 - -3) + 14. Calculate the greatest common factor of j and 6.
6
Let t be 2/5 + 18/5. Let f be 2 - (180/2)/(-5). What is the highest common divisor of t and f?
4
Suppose -5*g + 18 = -7. Suppose 5*c + g*l - 4*l - 102 = 0, -3*c + 48 = 5*l. Calculate the greatest common factor of c and 63.
21
Suppose 110 = 3*c - 82. Calculate the highest common factor of c and 16.
16
Let p(f) = 10*f - 8. Let q be p(6). Let j = q - 28. Suppose -7*x = 19 - 61. Calculate the greatest common divisor of j and x.
6
Let x = 2 - 2. Suppose -4*j - 2 = -x*j - 2*u, 4*j + 3*u - 3 = 0. Let g be -12*(1 - (j - -2)). Calculate the greatest common divisor of 3 and g.
3
Let g be (-84)/(-16) - 1/4. Suppose 3*h = 5*d + 13, -2*h + 16 = g*d - 1. Calculate the highest common divisor of 12 and h.
6
Suppose r = -m + 12, -2*r + 23 + 6 = 3*m. Let p be 5/4 - 1/4. Let h be (3 - (-2 - 2))*p. What is the greatest common factor of h and r?
7
Let p be 3*(-4)/4 - 68. Let w = p + 131. Calculate the highest common divisor of w and 12.
12
Suppose -83 = 2*o - 5*w + 48, -5*o - w = 287. Let v = o - -87. Suppose -9 = 2*b - v. What is the greatest common divisor of b and 2?
2
Suppose -u - u = -16. What is the greatest common divisor of u and 8?
8
Let w(t) = -5*t. Let b be w(-9). Let i be 352/5 + (-18)/b. Calculate the highest common divisor of 14 and i.
14
Let q(t) = -5 + 2*t + 2 - t**3 + 5*t**2 + 7*t**2 - 4. Let v be q(12). What is the highest common divisor of v and 85?
17
Let p be 2*3*(-2)/(-6). Let a(m) = -m + 3*m + 6*m - 5 + 5*m**p - m**3. Let r be a(6). Calculate the highest common factor of 77 and r.
7
Suppose i = -0*i + 4. Suppose -i*c + 55 + 64 = 3*r, 0 = -2*c - 4*r + 52. Calculate the highest common factor of 16 and c.
16
Suppose -2*b = -5*b + 9. Calculate the highest common divisor of 9 and b.
3
Let y be (1 - 2)*-8 + -2. Suppose -x + y = -4. What is the highest common divisor of 1 and x?
1
Let b be -1*(0 + 0) - -7. Suppose 5*m - 8 = b. Suppose m*g + 10 = 322. What is the highest common factor of g and 13?
13
Let f = -18 + 34. Suppose -3*q + 262 = -563. Suppose -q = -4*h - 83. Calculate the greatest common factor of f and h.
16
Suppose 5*t + 4*n = 2*n + 526, 5*t - 4*n = 508. Suppose -2*m = -6*m + t. Calculate the greatest common divisor of 286 and m.
26
Let f be (1/2)/((-1)/(-2)). Let b be (25 - 0 - f) + 0. Calculate the greatest common factor of b and 6.
6
Suppose -139 = -5*a + 4*a. Let n = a + -31. Let x(u) = -7*u - 2. Let v 